r. Let f = -9490 + 9554. What is the remainder when f is divided by l?
31
Suppose 0 = -3*t + 5*f + 4, -2*t - 1 = -3*f - 4. Let i = -38 + 68. What is the remainder when i is divided by 29/t - (-28)/21?
8
Suppose 117*h - 460*h + 335800 = 124169. Calculate the remainder when h is divided by 29.
8
Suppose -g + 3*g = 460. Suppose 4*l = 4*q + 638 - g, 3*q - 380 = -4*l. Calculate the remainder when l is divided by 4/6*30*30/12.
48
Let h = -12078 - -13517. What is the remainder when h is divided by 80?
79
Suppose -4*y - 50 - 302 = -4*m, m - 5*y - 100 = 0. Suppose -5*v + m = -30. Suppose 5*o + 8 = -2, -2*c - o = -8. Calculate the remainder when v is divided by c.
3
Let v = 12 + -7. Suppose 0 = -440*w + 404*w + 6624. What is the remainder when w is divided by v?
4
What is the remainder when 149 is divided by ((94/(-30) - -2) + 28/35)*-87?
4
Suppose -19*k + 7 - 45 = 0. What is the remainder when ((-1)/(-1) - k) + -1 + 4 is divided by 2?
0
Let a = 9646 + -9627. What is the remainder when 344 is divided by a?
2
Let n(v) = v**3 + 2*v**2 + 5*v + 4. Let r be n(-1). Suppose r = 6*t - 823 - 431. Calculate the remainder when t is divided by 72.
65
Let c(v) = 2*v + 26. Let y be c(-15). Calculate the remainder when y/(-1) + 17*2 is divided by 4/(-3)*825/(-100).
5
Suppose 336 = 4*m + 100. Let i = -49 + 25. Let n = i + 34. What is the remainder when m is divided by n?
9
Let c = -205 + 194. What is the remainder when 2/c - 2516/(-44) is divided by 12?
9
Calculate the remainder when -1 - 3 - (-345 + -3) is divided by 49.
1
Let g be 10/(-35) + (1 - 519/21). Let b = -35 - -67. Let v = g + b. Calculate the remainder when 29 is divided by v.
5
Suppose -18*o + 13 = -113. Calculate the remainder when 621 is divided by o.
5
Let o(q) = 5*q + 125. Let i be o(11). Suppose -26 = 11*r - i. Calculate the remainder when 222 is divided by r.
12
Let x(q) = -29*q + 739. What is the remainder when x(16) is divided by 12?
11
Suppose 0 = -4*x + 471 + 49. Suppose 33*v + 2*r - 50 = 31*v, 2*r - 31 = -v. What is the remainder when x is divided by v?
16
Let z(h) be the second derivative of h**5/20 - 29*h**4/12 + 10*h**2 + 12*h. Calculate the remainder when z(29) is divided by 3.
2
Let v(l) = 6*l + 16. Let j be v(48). Suppose -7*h + 375 = -j. Calculate the remainder when h is divided by 25.
22
Suppose -4*q + 2901 = 589. What is the remainder when q is divided by 143?
6
Let o(m) = -2*m**3 - 16*m**2 - 5*m - 10. Let x be o(-8). What is the remainder when 752 is divided by (-14)/35 + x/25*22?
24
Suppose 0 = -2*o - 5*t + 3 + 5, 0 = 4*o - 2*t - 16. Suppose 20 = 4*z - o. What is the remainder when 99 is divided by z?
3
What is the remainder when (-1061)/(-2) + (-6)/4*-1 + 4 is divided by 12?
8
Let h = -4 + 8. Let d be h/(-7)*-11 - (-14)/(-49). Suppose d*p - 11*p = -370. Calculate the remainder when p is divided by 19.
17
Let m(t) = 20*t + t**2 + 8 - 159 + 5*t - 115. Calculate the remainder when 679 is divided by m(9).
39
What is the remainder when 3570 is divided by 174979/147 + (-36)/27?
3
Let s = 12127 - 10552. What is the remainder when s is divided by 8?
7
Suppose -3*z + 3*x - 33 = 0, z - 5*x + 10*x = -5. Let s = z + 41. What is the remainder when s is divided by 10?
1
Let b(z) = -24*z + 63. Let d be b(2). Suppose -d*i = 8*i - 4347. Calculate the remainder when i is divided by 32.
29
Suppose -3*h = 5*p - 86, 5*p - p - 82 = -3*h. What is the remainder when (5 + -8)*(-388)/12 is divided by h?
9
Suppose -4*t + 60 + 2 = -5*o, 3*t + 6 = 0. Let x = o + 28. What is the remainder when x is divided by 2?
0
Suppose 6*u - 400 = 2*s, 34 = -4*s + 14. Calculate the remainder when 648 is divided by u.
63
Let s = 303 - 468. Let i = 143 - 62. Calculate the remainder when i is divided by s/(-10) + 5/(-2).
11
Let d = -23422 - -23516. What is the remainder when 21524 is divided by d?
92
Let f = 59 - 29. Let b = 67 + -75. What is the remainder when f is divided by 3 - ((4 - 4) + b)?
8
What is the remainder when 546 + 27/(-13) + (-1)/(-13) is divided by 141?
121
Let i be (-36)/30 - (-9318)/15. Suppose 7*t = -2*u + 10*t + 1219, 5*t = u - i. Calculate the remainder when u is divided by 19.
16
Let w be ((-4)/10 - (-8)/20)/2. Suppose w = -4*b + 14 + 74. Calculate the remainder when b is divided by 8.
6
Suppose -2*x = 10, -x = -12*h + 9*h + 1511. Calculate the remainder when h is divided by 72.
70
Let a(n) = 9*n**2 - 25*n + 16. Let l be a(-6). Let f = l + -357. Suppose -43 = -4*d + 25. Calculate the remainder when f is divided by d.
14
Suppose 5*u + 4*h - 791 + 199 = 0, 0 = -3*u + h + 362. What is the remainder when 297 is divided by u?
57
Let b = -729 - -717. Calculate the remainder when 75 + (-8 - (-6)/b*-12) is divided by 26.
21
Let v = 129 + 850. What is the remainder when v is divided by 265?
184
Suppose s - 65 = -b, -4*s + 100 + 185 = -b. Suppose p + 5*z = 2*z + 35, 2*p - 4*z = 50. Let g = 53 - p. Calculate the remainder when s is divided by g.
22
Suppose 2*i = 3*j + 153, -4*i + 0*j = -4*j - 304. Suppose -4*c = -4*y + 108, -3*c + 54 = 2*y + 5. What is the remainder when i is divided by y?
23
Suppose -2*p + 3*a = -1, 0*p + 5*p = a + 9. Suppose 2*l - p*j - 8 = 0, l + 4*l + j - 50 = 0. Calculate the remainder when 85 is divided by 64/3 - (-6)/l.
19
Let x(n) = 347*n - 934. Suppose -5*g - 7*t + 2*t = -220, -g = -2*t - 32. Calculate the remainder when x(3) is divided by g.
27
Calculate the remainder when 51/((420/266)/10) is divided by 9.
8
Suppose 0 = 3*x - 17*x + 294. Suppose x*t - 6556 = -t. Calculate the remainder when t is divided by 76.
70
Calculate the remainder when 1276 is divided by (-116)/(-3) - ((-320)/15)/16.
36
Suppose 3*t - 666 = -3*t. Let f = t + 4. Calculate the remainder when f is divided by 20.
15
Let d = 210 + -312. Let l = 104 + d. What is the remainder when l is divided by 2?
0
Let b = -90 - -115. Suppose b*f - 282 = 19*f. Calculate the remainder when 327 is divided by f.
45
Let m(r) = r**3 - 145*r**2 - 149*r + 498. Calculate the remainder when m(146) is divided by 41.
19
Suppose 9*a + 238 = 166. What is the remainder when 26 is divided by 7 + a + (3 - -4)?
2
Suppose 81*u = 83*u. Suppose -66 = -k - s, -4*s = -5*k - u*k + 285. Calculate the remainder when 607 is divided by k.
58
Let b = 128 - 125. Let u(d) = -231*d + 227*d - 9 + 2*d**2 + b. What is the remainder when u(-5) is divided by 6?
4
Let c be -285 + 3 - (4 + 0/3). Let m(x) = 23*x**2 + x + 1. What is the remainder when m(-1) is divided by (2 + 1)/((-66)/c)?
10
Let x = 202 - 202. Suppose 3*s - 106 = -12*c + 13*c, -2*s - c + 69 = x. Calculate the remainder when s is divided by 12.
11
Calculate the remainder when -3 - ((-25289)/114 + 2/(-12)) is divided by 107.
5
Let c be (-385)/(-14) + (-5)/(-2) + -2. Let t(v) = -v**2 - v**3 + 23 - 46 + c. Calculate the remainder when 31 is divided by t(0).
1
Suppose -4*n - 48*z + 3005 = -51*z, -2*n = 3*z - 1507. Calculate the remainder when 1518 is divided by n.
14
Let m = -160 - -168. Let v = -38 - -34. Calculate the remainder when m is divided by v*(3 + 21/(-6)).
0
Let u = -4 + 17. Suppose -5*t + 3*d - 496 = -10*t, t - 4*d = 90. Let h = 146 - t. Calculate the remainder when h is divided by u.
9
Let l(a) = 4*a**2 - 160*a + 5. Calculate the remainder when 349 is divided by l(41).
11
Let p = -255 + 329. Suppose -90 = -4*l + p. What is the remainder when 53 is divided by l?
12
Let l = 27904 + -25491. Calculate the remainder when l is divided by 299.
21
Let k(s) = -7*s - 11. Let m be k(-5). Suppose 7*u = 3*u - m. What is the remainder when 27 is divided by (-82)/u + (-8)/(-24)?
13
Suppose 2*l - 3*w = 66, 0 = -5*l - 53*w + 50*w + 270. Let d = 75 - 46. Calculate the remainder when l is divided by d.
19
Let a = -5832 - -5856. Calculate the remainder when 1053 is divided by a.
21
Let o = 5472 + -5426. What is the remainder when 871 is divided by o?
43
Let t(u) = -5*u**3 + 87*u**2 + 55*u - 13. Calculate the remainder when 156 is divided by t(18).
1
Suppose -2*g - k + 58 + 156 = 0, 336 = 3*g - k. What is the remainder when 153 is divided by g?
43
Let w = 980 - 939. Suppose 54*l - w*l = 169. Calculate the remainder when 76 is divided by l.
11
Suppose 0 = 21*t - 622 - 512. What is the remainder when 211 is divided by t?
49
Suppose -63*w + 256186 = -31*w + 171*w. Calculate the remainder when w is divided by 140.
2
Let o